+ 246*o - 9354. Suppose g - 49 = -15. Calculate the remainder when g is divided by o.
0
Suppose -2*k = -40 - 4. Suppose 6*s = -2*s - 16. Calculate the remainder when 63 is divided by (-1)/s + 341/k.
15
Let a = 4825 - 4736. Calculate the remainder when a is divided by 32.
25
Suppose -5*q - 4*c + 102 = 0, 0*c + 78 = 4*q + 2*c. Suppose 0 = q*y - 13*y - 30. Calculate the remainder when 6 is divided by (y/(-8) - 0)*(13 - 17).
0
Suppose 5*c - 92 - 93 = 3*w, -c + 35 = -w. Suppose c + 95 = 5*z. Calculate the remainder when 728 is divided by z.
26
Let n = 241 - 647. Let r = -271 - n. What is the remainder when r is divided by 8?
7
Let r = 9425 + -9296. Calculate the remainder when 143 is divided by r.
14
Let a(z) = z**2 + 5*z - 34. Let v be a(-9). Calculate the remainder when 54 is divided by (-322)/(-42) - (v/(-6))/1.
6
Suppose 45 = -t - 136. Let p = 260 + t. Let j = p + -56. Calculate the remainder when j is divided by 5.
3
Suppose -m + 4*o = -333, -3*m + 760 = -4*o - 295. Calculate the remainder when 372 is divided by m.
11
Suppose -144 = -4*q + 28*q. What is the remainder when 50 is divided by (4/q)/((-16)/216)?
5
Suppose 30 = 2*p - 6*f + 4*f, 0 = p - 2*f - 10. Let q = p + -14. What is the remainder when 25 is divided by q?
1
Let b = -3 - -43. Let w = -43 - -43. Suppose -32 = -2*v - 2*j, -2*j + 95 = 5*v - w*j. What is the remainder when b is divided by v?
19
Let k(b) = b**3 + 6*b**2 - 21*b - 36. Let q be k(-7). Let i = q + 16. What is the remainder when i is divided by 23?
9
Suppose c - 3*c + 32 = 0. Let o(t) = t**3 + 8*t**2 + 8*t + 9. Let y be o(-7). Suppose y + c = q. Calculate the remainder when 53 is divided by q.
17
Let g(b) = 5*b**2 + 52*b + 153. What is the remainder when g(-3) is divided by 18?
6
Let i = 261 - 133. Calculate the remainder when i is divided by -8 + 7 + 0 - 190/(-5).
17
Let g(y) = -210*y - 796. What is the remainder when g(-4) is divided by 328/24 + -1 + (-7)/(-3)?
14
Let g(i) = -2*i**2 + 12*i - 1. Let c(r) = r**3 + 4*r**2 + 3. Let n be c(-3). Suppose 33 + n = 9*t. What is the remainder when 33 is divided by g(t)?
6
Let j = -10952 + 10961. What is the remainder when 906 is divided by j?
6
Let p(z) = -z**2 + 1. Let s(a) = -22*a + 44. Let n(q) = -p(q) + s(q). What is the remainder when n(22) is divided by 39?
4
Suppose 0 = p + 16*p - 2329. Let y(i) = -i**3 - 4*i**2 + 7*i + 5. What is the remainder when p is divided by y(-6)?
32
Let d(p) = -230*p + 3298. What is the remainder when 914 is divided by d(14)?
56
Let j(u) = 6*u - 38. Let f(l) = 8*l + 53. Let m be f(-4). Calculate the remainder when j(m) is divided by 31.
26
Let g = 35 - 32. Suppose -2 = r + g*v, v + 2 = -2. Suppose -2*u + 4 = -4. What is the remainder when r is divided by u?
2
Suppose 832*l = 830*l + 4*w + 224, 5*l - 518 = -4*w. Calculate the remainder when 4019 is divided by l.
97
Let n = 73 + 8. Let d(f) = -f**3 - 10*f**2 - 22*f + 41. Calculate the remainder when d(-11) is divided by n.
80
What is the remainder when 5 is divided by -2*(10 - (-84)/(-8))?
0
Let x = -282 + 278. Calculate the remainder when 120 + 0 - x/2 is divided by 26.
18
Let y = -38 + 47. Suppose -21 = -4*k - y. Suppose -4*g - k*q + 55 + 510 = 0, 2*q = -2. What is the remainder when g is divided by 18?
16
Suppose -2*k + 12*c - 17*c = -75, -4*c + 72 = 2*k. Calculate the remainder when 626 is divided by k.
26
Calculate the remainder when 262 is divided by ((-11088)/(-882))/((-2)/(-14)).
86
Let q = 90 + -86. Suppose -q*f + 2*f = -14. Suppose -f*j = -59 - 4. Calculate the remainder when j is divided by 7.
2
Let t(m) = m**2 - 13*m + 31. Suppose 6*j + 3*i - 66 = 2*j, 2*i = 5*j - 71. Let y(n) = -n**2 + 14*n + 8. What is the remainder when t(j) is divided by y(13)?
19
Suppose 3664 = -59*w + 75*w. What is the remainder when w is divided by 28?
5
Let k = 608 - 57. Suppose -k = -11*n - 353. Calculate the remainder when 53 is divided by n.
17
Suppose -4*w - 20 = 0, 8*r - 1910 = 3*r - 3*w. Calculate the remainder when r is divided by 87.
37
Let y = -22287 + 26461. Calculate the remainder when y is divided by 245.
9
Suppose 4*n + n = -5*z + 70, -3*n + 3*z = -18. Suppose 5*w = 60 - n. Let i(k) = -2*k**2 - 57*k - 248. Calculate the remainder when i(-22) is divided by w.
8
Let a = 6048 + -3115. Calculate the remainder when a is divided by 163.
162
Let t = 120 + -108. Suppose 14*n - 11*n - t = 0. Suppose 0 = -d + n*s + 47, 2*s = -d + 6*d - 217. Calculate the remainder when 125 is divided by d.
39
Suppose f = -5*q - 20, q - 1 + 5 = 0. Suppose f = 4*z - 3*z - 2. Suppose 4*k - 36 = 4*o, 3*o + z*o = -3*k + 19. Calculate the remainder when k is divided by 4.
0
Let u(r) = -r - 48. Let g be u(-10). Let m be (3/1)/1 - 38/g. Suppose -6*h = -m*h - 28. What is the remainder when 20 is divided by h?
6
Suppose -8*u = -316 - 540. What is the remainder when 66 is divided by u/4 + (75/12 - 6)?
12
Suppose -1791 = 7*y - 5305. Calculate the remainder when y is divided by (14/(-6))/((-5 - -8)/(-72)).
54
Suppose 0 - 1 = -h, -4*h = 3*a - 598. Calculate the remainder when a is divided by ((-475)/(-45) - 11)*(0 + -18).
6
Let w = 0 + 6. Suppose -4*n + 10 = -w*n, -4*b = 2*n - 254. Let v = b + -6. What is the remainder when v is divided by 24?
12
Suppose 2*q - 4 = 0, -3439 = -5*a - q - 752. What is the remainder when a is divided by 180?
177
What is the remainder when 1904 is divided by ((-495)/27 - -18)*-249?
78
Suppose -65 + 81 = 4*f, -3*c + 2434 = 4*f. What is the remainder when c is divided by 216?
158
Let f = -2855 - -4743. Calculate the remainder when f is divided by 42.
40
Suppose 0 = -28*c - 5*c + 31053. Let f = c - 904. Calculate the remainder when 69 is divided by f.
32
Suppose d = 2*n - 657, -n = 18*d - 17*d - 330. Calculate the remainder when n is divided by 51.
23
Let s(c) = -c**3 + 2*c**2 + 5*c - 5. Suppose 4*o + 8 = 0, 3*q - 100 = q - 3*o. Let h = -50 + q. What is the remainder when 7 is divided by s(h)?
0
Suppose 18*y - 34 = 38. Suppose 5*l - y*l - 3*q = 26, 5*q = 5. What is the remainder when l is divided by 19?
10
Let y be (-4 - -1) + -36*(-6)/6. What is the remainder when -1 + ((-14)/3)/((-1)/y) is divided by -18*3*(-10)/45?
9
Let l(n) = -789*n - 486. Calculate the remainder when l(-3) is divided by 14.
5
Calculate the remainder when 1379 is divided by -17 - (-488)/4 - -11.
103
Let n = 34 + 86. Suppose 0 = -c - 4*c + 200. Calculate the remainder when c is divided by (24/15)/4 - (-1272)/n.
7
Let p(l) = -l**3 + 23*l + 9. Let y be p(-5). Suppose -j - 3*s - 5 = 0, -4*s + 3 = y. What is the remainder when 125 is divided by j?
6
Suppose 3*f = 4*q - 451, -q - f + 50 + 54 = 0. Let i = -34 - -41. Let y(g) = 2*g**2 - 8*g - 5. Calculate the remainder when q is divided by y(i).
35
Let n = -117 - -222. Let d = -74 + n. What is the remainder when 59 is divided by d?
28
Let v(c) = 4*c - 4. Let q = 48 + -40. Let y be v(q). What is the remainder when 16/(-28) + 268/y is divided by 2?
1
Let p = 16 - 4. Suppose 3*n + 66 + p = 0. Calculate the remainder when 4 + -7 - n/1 is divided by 4.
3
Suppose 9*b - 3339 = -362*b. Suppose 0 = 3*u - 18 - 30. What is the remainder when u is divided by b?
7
Suppose 188 = 2*t - 2*m, 0 = -t - 3*m + 20 + 82. Calculate the remainder when 370 is divided by t.
82
Suppose -10 = 4*b - 7*b + b. Calculate the remainder when 492 is divided by b.
2
Suppose 2*f + 190 - 166 = 2*g, -6 = -2*g - 4*f. Calculate the remainder when 2159 is divided by g.
8
Let h(k) = 3*k**2 - 12*k - 24. Suppose t + 2*t + 6 = 0. Calculate the remainder when h(t) is divided by 12.
0
Let c(g) = g**3 + 22*g**2 + 16*g - 135. Calculate the remainder when c(-13) is divided by 35.
23
Suppose 112*c - 40*c - 1656 = 49*c. Calculate the remainder when 224 is divided by c.
8
Let q(n) = 34*n - 133. Let t be q(8). Suppose -4*p + r + 129 = 0, -5*p + t = -p - 3*r. What is the remainder when p is divided by 30/2 - 2/1?
5
Suppose 175 = -51*q + 58*q. What is the remainder when 6595/q + 6/5 + -1 is divided by 53?
52
Let b = -9528 + 13260. What is the remainder when b is divided by 178?
172
Suppose -5*f = -29 - 1. Suppose -5*g = 4*o - 11, -4*g - 1 = -o - 14. Suppose -w = -g*w + 42. What is the remainder when w is divided by f?
3
Let b be ((-11)/33)/((-2)/(-102)). What is the remainder when (-9)/(1/b*1) is divided by 11?
10
Let q = -837 + 861. Calculate the remain